58.
21
Calculate the remainder when 912 is divided by 181.
7
What is the remainder when 302 is divided by 31?
23
Calculate the remainder when 996 is divided by 78.
60
What is the remainder when 59 is divided by 45?
14
Calculate the remainder when 1818 is divided by 231.
201
Calculate the remainder when 6132 is divided by 52.
48
What is the remainder when 497 is divided by 38?
3
Calculate the remainder when 443 is divided by 107.
15
Calculate the remainder when 645 is divided by 130.
125
Calculate the remainder when 112 is divided by 58.
54
Calculate the remainder when 56 is divided by 9.
2
Calculate the remainder when 19 is divided by 18.
1
What is the remainder when 495 is divided by 16?
15
What is the remainder when 108 is divided by 76?
32
Calculate the remainder when 83 is divided by 24.
11
What is the remainder when 537 is divided by 32?
25
What is the remainder when 1417 is divided by 10?
7
Calculate the remainder when 1398 is divided by 14.
12
Calculate the remainder when 116 is divided by 74.
42
What is the remainder when 16 is divided by 6?
4
What is the remainder when 536 is divided by 266?
4
What is the remainder when 48 is divided by 13?
9
What is the remainder when 431 is divided by 161?
109
Calculate the remainder when 281 is divided by 90.
11
What is the remainder when 592 is divided by 85?
82
What is the remainder when 546 is divided by 264?
18
Calculate the remainder when 198 is divided by 40.
38
Calculate the remainder when 972 is divided by 142.
120
Calculate the remainder when 51 is divided by 17.
0
Calculate the remainder when 2082 is divided by 139.
136
Calculate the remainder when 50 is divided by 25.
0
Calculate the remainder when 367 is divided by 2.
1
What is the remainder when 4684 is divided by 933?
19
What is the remainder when 41233 is divided by 13?
10
What is the remainder when 189 is divided by 171?
18
Calculate the remainder when 939 is divided by 10.
9
What is the remainder when 215 is divided by 111?
104
Calculate the remainder when 296 is divided by 27.
26
What is the remainder when 8 is divided by 6?
2
What is the remainder when 171 is divided by 62?
47
What is the remainder when 1430 is divided by 89?
6
Calculate the remainder when 115 is divided by 40.
35
Calculate the remainder when 163 is divided by 11.
9
What is the remainder when 168 is divided by 22?
14
Calculate the remainder when 163 is divided by 11.
9
What is the remainder when 223 is divided by 38?
33
What is the remainder when 13 is divided by 8?
5
What is the remainder when 468 is divided by 54?
36
Calculate the remainder when 2994 is divided by 81.
78
Calculate the remainder when 59 is divided by 28.
3
What is the remainder when 1527 is divided by 24?
15
What is the remainder when 188 is divided by 27?
26
What is the remainder when 107 is divided by 28?
23
What is the remainder when 112 is divided by 101?
11
Calculate the remainder when 17423 is divided by 25.
23
Calculate the remainder when 11483 is divided by 9.
8
Calculate the remainder when 397 is divided by 143.
111
What is the remainder when 108 is divided by 18?
0
What is the remainder when 433 is divided by 35?
13
What is the remainder when 523 is divided by 15?
13
Calculate the remainder when 116 is divided by 20.
16
What is the remainder when 300 is divided by 17?
11
What is the remainder when 179 is divided by 95?
84
What is the remainder when 438 is divided by 91?
74
Calculate the remainder when 472 is divided by 120.
112
Calculate the remainder when 5499 is divided by 162.
153
Calculate the remainder when 1039 is divided by 1033.
6
Calculate the remainder when 236 is divided by 20.
16
Calculate the remainder when 258 is divided by 122.
14
What is the remainder when 1474 is divided by 29?
24
What is the remainder when 466 is divided by 24?
10
Calculate the remainder when 3586 is divided by 258.
232
What is the remainder when 2117 is divided by 70?
17
Calculate the remainder when 423 is divided by 222.
201
Calculate the remainder when 86 is divided by 28.
2
What is the remainder when 244 is divided by 13?
10
What is the remainder when 334 is divided by 49?
40
Calculate the remainder when 2037 is divided by 15.
12
Calculate the remainder when 441 is divided by 91.
77
Calculate the remainder when 59 is divided by 16.
11
What is the remainder when 40946 is divided by 390?
386
Calculate the remainder when 2724 is divided by 78.
72
Calculate the remainder when 1604 is divided by 22.
20
What is the remainder when 5794 is divided by 1443?
22
What is the remainder when 2012 is divided by 18?
14
What is the remainder when 362 is divided by 259?
103
Calculate the remainder when 7521 is divided by 171.
168
Calculate the remainder when 2139 is divided by 14.
11
What is the remainder when 40324 is divided by 78?
76
What is the remainder when 476 is divided by 22?
14
Calculate the remainder when 1566 is divided by 56.
54
What is the remainder when 3081 is divided by 9?
3
What is the remainder when 300 is divided by 58?
10
What is the remainder when 37738 is divided by 20?
18
What is the remainder when 8 is divided by 3?
2
What is the remainder when 31 is divided by 7?
3
Calculate the remainder when 177 is divided by 5.
2
What is the remainder when 4078 is divided by 56?
46
What is the remainder when 300 is divided by 38?
34
What is the remainder when 43 is divided by 7?
1
Calculate the remainder when 47 is divided by 19.
9
Calculate the remainder when 75 is divided by 16.
11
Calculate the remainder when 19 is divided by 12.
7
Calculate the remainder when 55 is divided by 35.
20
What is the remainder when 179 is divided by 5?
4
Calculate the remainder when 1058 is divided by 7.
1
Calculate the remainder when 27439 is divided by 40.
39
What is the remainder when 1320 is divided by 4?
0
What is the remainder when 176 is divided by 32?
16
Calculate the remainder when 197 is divided by 58.
23
What is the remainder when 13 is divided by 7?
6
Calculate the remainder when 1636 is divided by 63.
61
Calculate the remainder when 347 is divided by 164.
19
Calculate the remainder when 150 is divided by 79.
71
Calculate the remainder when 905 is divided by 905.
0
Calculate the remainder when 157 is divided by 34.
21
Calculate the remainder when 644 is divided by 43.
42
Calculate the remainder when 507 is divided by 256.
251
Calculate the remainder when 14880 is divided by 4956.
12
What is the remainder when 712 is divided by 55?
52
Calculate the remainder when 1202 is divided by 86.
84
What is the remainder when 568 is divided by 233?
102
What is the remainder when 356 is divided by 87?
8
Calculate the remainder when 250 is divided by 27.
7
What is the remainder when 5307 is divided by 118?
115
Calculate the remainder when 91 is divided by 55.
36
Calculate the remainder when 25 is divided by 21.
4
What is the remainder when 12348 is divided by 130?
128
What is the remainder when 443 is divided by 141?
20
What is the remainder when 80 is divided by 42?
38
What is the remainder when 142 is divided by 5?
2
What is the remainder when 77 is divided by 6?
5
What is the remainder when 242 is divided by 53?
30
Calculate the remainder when 56 is divided by 10.
6
What is the remainder when 59 is divided by 32?
27
Calculate the remainder when 8038 is divided by 9.
1
Calculate the remainder when 182 is divided by 141.
41
Calculate the remainder when 118 is divided by 4.
2
Calculate the remainder when 62 is divided by 14.
6
Calculate the remainder when 1 is divided by 1.
0
Calculate the remainder when 396 is divided by 133.
130
What is the remainder when 3173 is divided by 23?
22
Calculate the remainder when 70 is divided by 22.
4
What is the remainder when 1881 is divided by 13?
9
Calculate the remainder when 1363 is divided by 1.
0
Calculate the remainder when 226 is divided by 59.
49
Calculate the remainder when 1712 is divided by 55.
7
Calculate the remainder when 168 is divided by 96.
72
Calculate the remainder when 253 is divided by 101.
51
Calculate the remainder when 17 is divided by 9.
8
Calculate the remainder when 78 is divided by 39.
0
What is the remainder when 3292 is divided by 32?
28
What is the remainder when 765 is divided by 200?
165
What is the remainder when 88 is divided by 24?
16
Calculate the